on divisor of 151678164 and 396?
132
What is the greatest common divisor of 16074093 and 42?
21
What is the greatest common divisor of 2479576 and 20064?
1672
What is the greatest common factor of 42104219 and 1576?
197
What is the highest common divisor of 26367 and 91133?
47
What is the greatest common divisor of 5620 and 83593285?
1405
Calculate the greatest common factor of 8 and 32184556.
4
Calculate the highest common divisor of 2216 and 17192.
8
Calculate the highest common divisor of 68 and 4776464.
4
Calculate the greatest common divisor of 9270 and 101672330.
1030
What is the greatest common divisor of 166337 and 10086?
41
Calculate the highest common divisor of 23595 and 55986645.
2145
Calculate the greatest common factor of 41939880 and 120.
120
Calculate the greatest common factor of 2136525 and 130845.
915
Calculate the highest common divisor of 11291049 and 378.
189
What is the highest common factor of 5665 and 20107145?
515
Calculate the greatest common divisor of 1705 and 9632072.
31
Calculate the highest common factor of 2789766 and 4410.
882
What is the highest common divisor of 2827 and 184049008?
2827
What is the highest common factor of 32 and 2949691072?
32
Calculate the greatest common divisor of 18 and 2442890.
2
Calculate the highest common divisor of 10437 and 72321452.
3479
What is the highest common divisor of 22337456 and 2720?
272
What is the highest common factor of 124332 and 96395556?
9564
What is the highest common factor of 10454262 and 1252027?
3269
Calculate the highest common divisor of 140 and 883918.
14
What is the greatest common factor of 3526476 and 324?
12
Calculate the greatest common divisor of 1625 and 305695.
65
Calculate the highest common factor of 105960 and 352960.
40
Calculate the highest common divisor of 233375902 and 1304.
326
Calculate the greatest common factor of 15593 and 33883.
31
Calculate the highest common factor of 861238 and 98518.
3178
What is the greatest common divisor of 27168 and 126501?
849
What is the greatest common factor of 4429504 and 2278?
134
Calculate the highest common factor of 3077571 and 70599.
303
What is the greatest common divisor of 2211 and 13965413?
737
Calculate the highest common factor of 7072693218 and 18.
18
What is the highest common divisor of 579 and 23639991?
579
What is the greatest common factor of 39450569 and 205?
41
Calculate the highest common factor of 37892 and 164.
4
What is the highest common factor of 157596 and 6762?
138
What is the highest common divisor of 6663 and 356383881?
6663
Calculate the greatest common factor of 316651 and 290116.
1769
Calculate the greatest common divisor of 35378 and 698174.
722
What is the greatest common factor of 19998 and 4274226?
198
Calculate the greatest common divisor of 40290 and 129540.
510
Calculate the highest common factor of 1050 and 32291700.
1050
Calculate the greatest common divisor of 754 and 24619985.
377
Calculate the greatest common divisor of 15 and 257674215.
15
Calculate the highest common divisor of 940195880 and 1768.
1768
Calculate the highest common divisor of 2398 and 1135255.
11
Calculate the greatest common factor of 10647612 and 5428.
236
Calculate the highest common divisor of 207505863 and 153.
9
Calculate the highest common divisor of 3580829 and 357.
119
Calculate the greatest common divisor of 2374190 and 151060.
910
What is the greatest common factor of 22661679 and 9?
3
Calculate the highest common factor of 24 and 42196760.
8
Calculate the greatest common factor of 1414534 and 17842.
22
Calculate the greatest common factor of 186 and 6971838.
186
What is the highest common divisor of 2654015 and 52?
13
What is the highest common divisor of 932069333 and 7138?
3569
What is the greatest common factor of 9628 and 10756796?
116
What is the highest common factor of 92850138 and 54?
54
What is the greatest common factor of 3707 and 1557277?
337
What is the highest common divisor of 30317685 and 15?
15
Calculate the highest common divisor of 4455 and 8088135.
165
Calculate the greatest common factor of 590 and 14174455.
295
What is the highest common factor of 4516 and 312733?
1129
What is the highest common divisor of 242 and 1902?
2
Calculate the highest common factor of 2370 and 6114126.
474
Calculate the highest common divisor of 3648 and 2547900.
228
Calculate the highest common divisor of 159 and 1414464.
159
Calculate the highest common divisor of 4452 and 790692.
84
What is the highest common factor of 21549 and 23298?
33
Calculate the greatest common divisor of 1302 and 426174.
42
Calculate the greatest common divisor of 58560 and 1024.
64
What is the highest common divisor of 17699071 and 507078?
2561
What is the greatest common divisor of 446085 and 3960?
45
Calculate the highest common divisor of 285795366 and 2298.
2298
Calculate the highest common divisor of 8910 and 19845.
405
What is the highest common divisor of 310 and 1099694?
62
What is the highest common factor of 4810 and 37333?
37
Calculate the highest common divisor of 198 and 105415794.
198
Calculate the greatest common factor of 2421001794 and 366.
366
What is the greatest common factor of 715 and 28580240?
65
What is the highest common factor of 13291309 and 78706?
667
Calculate the highest common factor of 77 and 2924607.
7
Calculate the highest common factor of 9064 and 28084804.
4532
What is the greatest common divisor of 48331792 and 64?
16
Calculate the highest common factor of 1211402056 and 32.
8
Calculate the highest common divisor of 81238504 and 6.
2
What is the greatest common factor of 5305 and 179742949?
1061
What is the highest common factor of 543 and 920730529?
181
Calculate the highest common divisor of 42258809 and 109091.
2537
Calculate the highest common factor of 35209 and 613973.
257
Calculate the greatest common factor of 39688035 and 582.
291
What is the greatest common factor of 127218000 and 350?
350
What is the highest common divisor of 1976655 and 3540?
15
Calculate the highest common factor of 8093547 and 80608.
2519
What is the greatest common factor of 885101858 and 6689?
6689
What is the highest common divisor of 7280 and 7896720?
1040
What is the highest common factor of 16369700 and 320?
20
Calculate the greatest common factor of 39879 and 20971923.
4431
Calculate the highest common factor of 14488489 and 2605.
521
What is the highest common factor of 18096 and 3576222?
2262
What is the highest common factor of 653041 and 13760?
43
What is the highest common factor of 26843 and 9894014?
1579
What is the greatest common factor of 539 and 81146989?
539
What is the greatest common divisor of 10764 and 61756656?
3588
What is the highest common divisor of 297 and 805959?
99
Calculate the highest common factor of 2 and 22925803.
1
What is the highest common factor of 18886 and 814226?
266
Calculate the greatest common divisor of 134816 and 179872.
352
What is the highest common divisor of 4 and 50476?
4
What is the highest common divisor of 769325 and 650?
25
What is the highest common factor of 57398 and 4312?
22
Calculate the highest common divisor of 8 and 1545016.
8
Calculate the highest common divisor of 33 and 323143304.
11
Calculate the greatest common divisor of 104876 and 25748.
628
Calculate the greatest common divisor of 21638862 and 1194.
1194
What is the greatest common divisor of 13727512 and 8752?
4376
What is the greatest common divisor of 549 and 296296032?
183
Calculate the greatest common divisor of 60 and 8414479.
1
What is the greatest common factor of 864 and 32334032?
16
What is the greatest common factor of 126208 and 7284?
4
What is the greatest common divisor of 34454 and 1798370?
322
What is the highest common divisor of 816598216 and 7756?
7756
Calculate the highest common divisor of 288 and 28346592.
96
What is the greatest common factor of 2806 and 76616?
122
Calculate the greatest common divisor of 9086764 and 1641.
547
What is the highest common factor of 18864 and 16397008?
2096
Calculate the highest common divisor of 24536132 and 18988.
404
What is the highest common factor of 14 and 379877638?
14
Calculate the greatest common divisor of 1456 and 377272.
56
Calculate the greatest common divisor of 1020 and 2156940.
60
Calculate th